se 20 - t = -4*g. Is g a prime number?
False
Suppose 2*b + 4*t - 8 = 0, 0 = 2*b + t - 1 - 4. Let u be (b + -1)*16/4. Suppose -194 = -4*d - 2*h, -u*h + 53 = 2*d - 41. Is d prime?
False
Is 1 - -5 - (-1)/1 - -411502 composite?
True
Suppose 0 = -2*m - m + 9, 4*b + m = 27. Suppose b*o + o - 3059 = 0. Is o a prime number?
False
Suppose 2*m = -4*t + 28176, 3*m - 3*t = -7079 + 49334. Is m a composite number?
True
Is 3/((12/13148)/1) prime?
False
Suppose -4*y = -62*z + 63*z - 42057, 5*z = -2*y + 210213. Is z a prime number?
False
Let g be (-1)/2 + 42/12. Suppose 864 = 5*l - g*w, 5*l - 2*w = 779 + 87. Let u = l + -87. Is u a composite number?
True
Let s = 171 - -772. Is s prime?
False
Let i(k) be the third derivative of k**6/120 - k**5/12 - 5*k**4/8 + 3*k**3/2 - 5*k**2. Suppose a - 5 - 5 = 0. Is i(a) prime?
True
Suppose -11*b - 7*b + 890694 = 0. Is b composite?
True
Let n(x) = 535*x**3 + 3*x - 7. Is n(3) a composite number?
False
Suppose 5*p + 275 = 4785. Let r = p + -538. Suppose -24 = -4*b + r. Is b composite?
False
Let r(s) = -22*s**3 + 3*s**2 - 3*s - 3. Let h(d) = d + 7. Let o be h(-9). Is r(o) a composite number?
False
Suppose 4*o = -3*m + 28451, 5*m - 13549 = 4*o + 33912. Is m composite?
True
Let g(q) = q**3 + 13*q**2 - 13*q + 16. Let d be g(-14). Suppose -5*u + d + 8 = 0. Suppose u*o - 307 = 207. Is o prime?
True
Let z(u) = 4*u - 4. Let h be z(0). Is ((-4)/8)/(h/1048) a prime number?
True
Suppose -4*r + 1190 = 166. Let w = 315 + r. Is w a composite number?
False
Let y(j) = -j**3 + 6*j**2 + 8*j - 2. Let g be y(7). Suppose 5498 - 17540 = -18*p. Suppose -76 = -g*l + p. Is l composite?
False
Let c = -1432 - -2248. Suppose -324 = -4*i + c. Suppose -l = 2*l + o - 154, 5*l - i = 4*o. Is l prime?
True
Suppose 0 = -4*p - 3275 + 15039. Is p composite?
True
Suppose 0 = 14*d - 308 - 3066. Let l = d - 114. Is l a prime number?
True
Let g(x) = x + 3. Let v be g(0). Suppose 2*a - 5*y = -0*y + 222, v*a + y = 316. Suppose 2*d - 4*d + 2*t = -a, -3*t = -4*d + 212. Is d a composite number?
False
Suppose -5*v + r + 54 = 4*r, -2*v - 5*r = -33. Let x be (-2)/(0 - (-6)/v). Let s(f) = 17*f**2 - f + 1. Is s(x) prime?
True
Suppose 5*y = -3*j, 3*y - 16 + 2 = j. Let f(o) = -o + 12*o**2 + 10*o**2 - 9 - 21*o**2. Is f(j) composite?
True
Let z = -7 - -10. Suppose -z*u - 294 = -5*u. Suppose 0 = -3*s + 6*s - u. Is s a prime number?
False
Suppose 276 = 50*t - 46*t. Let f be 19/3*(-7 + 1). Let j = f + t. Is j prime?
True
Let x = -25 - -11. Let z be (x/(-4))/((-6)/(-108)). Let k = 140 - z. Is k prime?
False
Suppose -755 = -10*h + 5*h. Let k = -70 + 35. Is h/7 + (-15)/k prime?
False
Suppose 10*z = -4*t + 5*z + 213901, -3*t = 3*z - 160428. Is t a composite number?
False
Suppose -84*p - 17956 = -148576. Is p composite?
True
Suppose 0 = o - 6*o - 10. Let w be o/(-7) + (-9918)/21. Let x = w - -813. Is x a prime number?
False
Let d(v) = -280*v - 211. Is d(-3) prime?
False
Suppose t = 6*t + 39050. Let n be t/(-60) - 2/12. Let v = n - -196. Is v a composite number?
True
Suppose -5*a + 3710 = -2*t, 4*a = -3*t - 796 + 3764. Suppose 3*b + 257 = -a. Let g = b - -496. Is g a prime number?
True
Let m = -1144 + 1995. Is m composite?
True
Suppose 0 = -4*z + 8*z - 3688. Let l = z + 7. Is l composite?
False
Is ((36/20)/9)/(1/13535) composite?
False
Let r(t) = -136*t**2 - t + 10. Let p(i) = i**2 - i - 1. Let j(z) = -3*p(z) - r(z). Is j(2) prime?
False
Let f = -1533 + 6680. Is f prime?
True
Is (1/((-1)/(-1)) + -2)*-15493 a composite number?
False
Let m be 38/(-9) + 2/9. Suppose w - 20 = -i - 0*i, w = 2*i + 8. Is w/64 + (-643)/m prime?
False
Is (13/(-5))/((-95)/25175) composite?
True
Suppose -5*u + 13 = -3*k, 0 = -2*k + 5*u - u - 12. Suppose c - k = 3. Is c a prime number?
True
Let x(z) = 361*z**2 - 17*z + 27. Is x(-11) a prime number?
False
Let b(r) = 2*r**2 + 2*r + 1. Let v be -1 - -291*(1 - 0). Let c be v/(-35) - 6/(-21). Is b(c) prime?
True
Let d(k) = 63*k + 154. Is d(15) a prime number?
False
Let h(t) = 9*t**2 - 23*t + 2. Let q be h(21). Suppose -i = 3*k - q, -3*i - 500 = -k + 666. Is k composite?
False
Let b(q) = q**3 - 10*q**2 + 80*q - 37. Is b(16) prime?
False
Let v = 488 + -988. Let l = -163 - v. Is l prime?
True
Suppose -5*m + 5*v + 288100 = 10*v, -2*m + 2*v = -115228. Is m prime?
False
Let v be (-4)/(-10) + 3833/5. Let o be v/39 + 2/(-3). Let h = o + -9. Is h a composite number?
True
Let k be (-9)/2*8/(-6). Suppose 11*t = k*t. Suppose t*a - 2*a = -190. Is a prime?
False
Suppose 0 = -w - 4*j - 18082, 4*w + j - 54272 = 7*w. Is (1 - 3)*(w/12 - 2) a composite number?
False
Let l(v) = -3*v**3 - 2 - 1 - v**2 + 0*v**3 + 4. Let p be l(-1). Suppose 5*x - 2*g + 2 = 403, -2*x - p*g + 149 = 0. Is x composite?
False
Suppose 5 = -2*i + 2*z - z, 0 = -4*i + 3*z - 15. Suppose -2*y - 10 = 5*v, i = 2*v + 3*v + 3*y + 15. Suppose v = 2*g + 56 - 210. Is g a prime number?
False
Suppose 1266 = 9*m - 3*m. Is m composite?
False
Let k(l) = -24*l**2 - 2 + 4*l - 2*l + 32*l**2 - 3*l. Is k(-5) a prime number?
False
Let k(b) be the second derivative of 5*b**4/4 - 2*b**3/3 - b**2/2 - 6*b. Let v be k(-6). Let l = v + -310. Is l a prime number?
False
Let b be (30/9 + 2)*-3. Let w(h) = -105*h + 11. Is w(b) a prime number?
False
Let t be (-6)/(3 + 0) - (-10 - 0). Suppose 1964 = t*u - 4*u. Is u composite?
False
Let l(p) be the first derivative of p**4/4 + 2*p**3/3 - p**2 + 7*p - 8. Let n be l(-3). Suppose 231 = n*j - j. Is j prime?
False
Suppose 5*i = -5*k + 20, 3*i - 12 = -5*k + 4*k. Suppose k = 5*r - 5*d - 1905, 3*r - 1129 = -3*d - d. Is r a composite number?
False
Is 2/(-8) + 1004985/180 prime?
False
Let j = 6103 + -1850. Is j a prime number?
True
Let o(h) = -12 - h - 3*h - 9 + 10 + 3*h**2. Is o(8) prime?
True
Suppose 9*a = 8*a + 10. Suppose 0 = -0*s - 5*s - a. Is 158 - (-9)/(-6)*s composite?
True
Suppose -424 = -s - g, 2*s + g - 331 - 514 = 0. Suppose -7*r = -s - 1630. Is r a composite number?
False
Let i = -186095 + 280866. Is i composite?
False
Suppose 0 = -12*r + 9*r + 6453. Is (7/56 - 0) + r/8 prime?
True
Let m(g) = 21*g**3 - 32*g**2 + 3*g + 19. Is m(8) composite?
False
Suppose -41*s = -36*s - 58985. Is s a composite number?
True
Let n be 4/(-42) + 231374/(-42). Is (n/28)/((-2)/8) composite?
False
Let q be (16/(-12))/(2/27). Is (-1397)/(-9) - (-4)/q prime?
False
Let c be ((-1)/4)/(5/(-20)). Let d be (40/6)/(c/3). Let f = 99 - d. Is f a composite number?
False
Suppose 5*n - 4*h - 10 = -3, h = -2*n + 8. Let q = 130 - 125. Suppose n*g = 4*o - 761, q*o = -3*g + 1304 - 346. Is o a prime number?
True
Let o be 1 + 1 + (-5)/(15/(-6)). Suppose l - 1905 = -3*k + 5*l, 0 = -o*k - 3*l + 2540. Is k composite?
True
Suppose -3440 - 4900 = -12*o. Is o a prime number?
False
Let w(c) = 64*c**3 - 5*c**2 + 6*c - 3. Is w(2) prime?
False
Let k(l) = -2*l**2 - 7*l - 5 + 3*l - 3*l + l**2. Let y be k(-5). Let i = 2 + y. Is i composite?
False
Suppose 6 = x - 3*i - 10, 0 = 2*i + 4. Let u(j) = 21*j**2 - 7*j - 13. Is u(x) composite?
False
Let y = -2778 - -4877. Is y a prime number?
True
Let a = 12 - 11. Let d(i) = 163*i**2. Let u be d(a). Suppose -389 = -3*q - 4*s, -2*q + 3*s + u = -85. Is q composite?
False
Suppose -2*q = q + 4*i - 4226, -3*i - 2840 = -2*q. Suppose q = 4*s + 242. Is s composite?
False
Suppose 13*w = 12*w + 5*j + 7360, -w = -2*j - 7357. Is w prime?
False
Suppose 5*c - 4*k - 25667 = 0, 9*c - 7*c + 2*k - 10256 = 0. Is c composite?
True
Let j(f) = -f**3 + 10*f**2 + f - 4. Let x be j(10). Suppose -14 = 5*t + x, -4*n + 4*t + 648 = 0. Is n prime?
False
Let z be (-5)/10 - (-1132)/(-8). Let r = 233 + z. Is r a composite number?
True
Let l be 2/6 - (-2)/(-6). Suppose -a + 0*a - 2 = l. Let c(d) = -9*d**3 + d**2 + 2*d + 2. Is c(a) a composite number?
True
Suppose -15 = a - 27. Suppose -5*n - 2*s + 4041 = 0, -4*s = -0*s - a. Is n prime?
False
Let t = -46 - -46. Suppose -7*k + 7 + 21 = t. Is k a composite number?
True
Let f = 26668 - 9597. Is f a prime number?
False
Is (-491)/(-3 + (-472)/(-158)) prime?
False
Suppose -3*d = -6, -2*m - 2*m + 4*d - 488 = 0. Let v = -62 - m. Is v a prime number?
False
Let h = -194 - -1052. Let u = 11 - 8. Suppose 2*f + 278 = m - f, f = u*m - h. Is m composite?
True
Let c be 16/88 - 1404/(-22). Let y = 27 + c. Let i = 120 + y. Is i composite?
False
Suppose 0 = 4*h - 6*h + y + 75862, -y = -3*h + 113795. Is h composi